0) in base 6?
10145
487 (base 10) to base 9
601
What is -12406 (base 7) in base 12?
-1aa1
Convert 2411 (base 5) to base 9.
435
Convert -12010220 (base 3) to base 4.
-322212
-d2 (base 16) to base 10
-210
Convert fb (base 16) to base 2.
11111011
-213 (base 14) to base 2
-110011001
-a21 (base 16) to base 3
-10120001
What is 894 (base 11) in base 2?
10000101111
14200 (base 5) to base 9
1545
2991 (base 10) to base 3
11002210
Convert 301022 (base 4) to base 16.
c4a
What is -6aa (base 15) in base 10?
-1510
What is 354 (base 8) in base 16?
ec
-11101101 (base 3) to base 10
-3196
2403111 (base 5) to base 6
540232
-4d99 (base 14) to base 9
-20656
Convert -450 (base 9) to base 8.
-561
What is -2011212 (base 3) in base 2?
-11000110101
Convert -332a (base 12) to base 2.
-1011000010010
What is 10200221 (base 4) in base 7?
104600
What is -16b (base 15) in base 6?
-1302
3200 (base 16) to base 9
18502
What is 667 (base 12) in base 3?
1021221
What is -19 (base 12) in base 14?
-17
-534 (base 12) to base 7
-2134
What is 315452 (base 7) in base 9?
83115
Convert -1110111010000 (base 2) to base 16.
-1dd0
What is -1020211 (base 3) in base 7?
-2443
What is -56566 (base 8) in base 12?
-11a1a
What is c34 (base 13) in base 4?
200113
-2002 (base 3) to base 4
-320
Convert -7 (base 10) to base 12.
-7
Convert 102302 (base 7) to base 10.
17642
What is 461 (base 15) in base 4?
33133
Convert -36b7 (base 13) to base 3.
-101122020
-83 (base 9) to base 4
-1023
-41871 (base 10) to base 8
-121617
Convert -13545 (base 11) to base 6.
-225144
Convert -1236 (base 9) to base 5.
-12144
What is 228 (base 9) in base 8?
274
-20201002 (base 3) to base 11
-3745
Convert -5107 (base 8) to base 6.
-20103
What is 45331 (base 7) in base 13?
52c9
What is 3692 (base 12) in base 13?
2a59
What is 4300002 (base 5) in base 7?
416361
Convert -13526 (base 7) to base 4.
-321233
9183 (base 10) to base 4
2033133
What is 1d5 (base 15) in base 4?
12221
470 (base 8) to base 15
15c
1645 (base 10) to base 15
74a
c412 (base 16) to base 10
50194
What is 524 (base 7) in base 5?
2023
What is 2610 (base 10) in base 2?
101000110010
What is -561 (base 12) in base 3?
-1002101
Convert 1f42 (base 16) to base 6.
101014
Convert 820 (base 10) to base 6.
3444
Convert -1110002022 (base 3) to base 13.
-cc7a
104714 (base 8) to base 14
cbda
-222222102 (base 3) to base 8
-46323
What is 33a (base 13) in base 14?
2ba
85 (base 16) to base 6
341
110000 (base 3) to base 2
101000100
-12108 (base 9) to base 8
-17654
Convert 344 (base 12) to base 11.
400
-45441 (base 7) to base 9
-16746
-102220 (base 3) to base 16
-141
12a (base 12) to base 3
20121
Convert 3b27 (base 14) to base 16.
28b7
Convert -6162 (base 9) to base 16.
-119f
2988 (base 13) to base 2
1011110001011
Convert 120204 (base 6) to base 9.
15284
What is 1209 (base 16) in base 4?
1020021
-76 (base 14) to base 11
-95
Convert 8814 (base 10) to base 8.
21156
What is -626 (base 8) in base 3?
-120001
Convert 7723 (base 15) to base 11.
17a5a
What is -3353 (base 6) in base 3?
-1002020
6866 (base 12) to base 3
120220120
What is -229a6 (base 13) in base 7?
-352115
Convert -2575 (base 13) to base 15.
-18aa
Convert -244a5 (base 12) to base 16.
-bfbd
Convert -141312 (base 5) to base 14.
-21a8
6 (base 13) to base 9
6
What is 452 (base 11) in base 7?
1402
Convert -226 (base 7) to base 12.
-9a
10230 (base 7) to base 11
1991
Convert 100 (base 2) to base 10.
4
Convert -110010001 (base 2) to base 5.
-3101
What is -177 (base 8) in base 16?
-7f
25562 (base 7) to base 13
3137
-212020 (base 3) to base 16
-273
6301 (base 9) to base 16
120a
Convert -110 (base 12) to base 10.
-156
12000 (base 4) to base 16
180
-85cc (base 15) to base 2
-110111010011101
What is -678 (base 9) in base 15?
-272
Convert 329a (base 12) to base 8.
12726
Convert -20011202 (base 3) to base 16.
-1196
What is -5ef (base 16) in base 10?
-1519
What is -14a9 (base 12) in base 15?
-ac3
Convert 2112011221 (base 3) to base 6.
1022041
What is -110030 (base 4) in base 7?
-3524
651 (base 8) to base 14
225
What is -12401 (base 5) in base 12?
-694
Convert -11200100 (base 3) to base 12.
-1b83
Convert -233122 (base 5) to base 14.
-317b
Convert -25404 (base 7) to base 15.
-1ecc
Convert -21c (base 13) to base 16.
-16b
525 (base 10) to base 13
315
What is c0c1 (base 13) in base 3?
1100101021
What is 2145 (base 6) in base 11?
412
What is 4144 (base 5) in base 10?
549
-12142 (base 7) to base 14
-1222
Convert fc5 (base 16) to base 11.
3040
What is 6127 (base 12) in base 16?
292f
What is 1db (base 16) in base 5?
3400
What is 14213 (base 6) in base 11?
1758
-a81 (base 13) to base 10
-1795
What is -101a (base 13) in base 7?
-6321
40155 (base 10) to base 6
505523
Convert 200021 (base 3) to base 6.
2141
3830 (base 12) to base 4
1203210
-1003210 (base 4) to base 11
-3281
Convert 521 (base 11) to base 2.
1001110100
5958 (base 14) to base 13
7111
Convert -27278 (base 9) to base 15.
-5708
Convert 55261 (base 7) to base 13.
6403
-404 (base 9) to base 2
-101001000
Convert 210 (base 15) to base 2.
111010001
What is -6524 (base 13) in base 6?
-145025
What is -132443 (base 7) in base 15?
-75b8
-111000110001 (base 2) to base 5
-104013
70c (base 15) to base 2
11000110011
What is 12310 (base 4) in base 8?
664
What is 6 (base 16) in base 5?
11
1655b (base 13) to base 15
c994
What is -374 (base 13) in base 4?
-21122
What is -1212230 (base 4) in base 7?
-25106
What is -a7a (base 11) in base 13?
-78a
What is -10110000 (base 3) in base 13?
-11b2
-2010 (base 6) to base 10
-438
-3ff (base 16) to base 9
-1356
Convert -9956 (base 16) to base 3.
-1222211212
Convert 21000122 (base 3) to base 15.
17b5
60c (base 13) to base 15
486
-16278 (base 9) to base 16
-2ba0
What is -4205 (base 8) in base 9?
-2883
17137 (base 8) to base 4
1321133
What is -10331 (base 7) in base 13?
-1229
-804 (base 10) to base 16
-324
Convert 8a (base 12) to base 13.
82
659 (base 11) to base 8
1426
201640 (base 7) to base 5
2044104
Convert -3343 (base 16) to base 3.
-200000001
What is 3a4f (base 16) in base 14?
5623
What is 226611 (base 7) in base 8?
117510
Convert 819 (base 11) to base 8.
1734
Convert 3205 (base 6) to base 12.
505
Convert 69b2 (base 12) to base 4.
2320112
Convert -4244 (base 5) to base 15.
-284
1ca60 (base 13) to base 12
28985
What is -6ce (base 16) in base 15?
-7b2
Convert 56 (base 14) to base 5.
301
Convert -74315 (base 8) to base 2.
-111100011001101
Convert -51911 (base 11) to base 15.
-17627
Convert 20000131 (base 4) to base 3.
1122222201
What is -3513 (base 9) in base 15?
-b89
Convert 517 (base 9) to base 16.
1a5
-11243 (base 6) to base 11
-1235
What is -1d73 (base 14) in base 12?
-3155
-172 (base 9) to base 11
-123
What is -7980 (base 13) in base 5?
-1021004
Convert 567 (base 9) to base 7.
1234
Convert 1321 (base 4) to base 12.
a1
13131 (base 4) to base 13
2a9
What is 1292 (base 11) in base 15?
769
Convert c8 (base 16) to base 11.
172
What is -b00 (base 12) in base 15?
-709
576 (base 8) to base 4
11332
Convert -440e (base 15) to base 14.
-5378
Convert 201332 (base 4) to base 6.
14022
Convert 11322 (base 5) to base 2.
1101000101
Convert -30355 (base 6) to base 16.
-fbf
-1dd (base 14) to base 2
-110000111
Convert 130 (base 16) to base 7.
613
What is -1023323 (base 4) in base 6?
-34255
What is -125 (base 7) in base 9?
-75
Convert -10434 (base 5) to base 3.
-1000120
2426 (base 7) to base 14
486
What is 15522 (base 9) in base 4?
2212013
What is 260 (base 14) in base 9?
578
964a (base 11) to base 10
12759
66 (base 16) to base 15
6c
-12210 (base 4) to base 10
-420
What is -15354 (base 7) in base 12?
-25a6
What is -3137 (base 10) in base 3?
-11022012
What is -42 (base 14) in base 6?
-134
-31d (base 16) to base 14
-40d
Convert 5a1 (base 12) to base 14.
441
What is -10121121 (base 3) in base 10?
-2635
What is -24296 (base 13) in base 7?
-364334
Convert 2608 (base 10) to base 11.
1a61
-1c40 (base 13) to base 3
-12212102
-21250 (base 7) to base 6
-40234
What is -474 (base 13) in base 5?
-11041
212 (base 15) to base 14
255
-110111110 (base 2) to base 12
-312
Convert -304 (base 9) to base 5.
-1442
21000000 (base 3) to base 7
20610
Convert -120220 (base 5) to base 12.
-2697
16885 (base 9) to base 11
8840
What is 1111101 (base 2) in base 7?
236
-31a (base 16) to base 3
-1002102
What is -10024 (bas